- (-3 + 4) - (-1 + -2).
3
Evaluate 2 - 8 - (11 - 22).
5
Evaluate (-9 - -8) + 4 - 11.
-8
What is 6 + (0 - 6 - -4)?
4
Calculate 2 + 9 + -3 + -16.
-8
What is (-6 - -6) + -7 - (1 + -5)?
-3
What is -1 + (-8 + 7 - -3)?
1
Calculate 4 + 0 + -3 + 20 + -23.
-2
-2 - 1 - (-5 - -4)
-2
What is (-3 - (-3 + 2)) + 0 + 1?
-1
Evaluate -2 + 0 + 4 - (4 + -8).
6
Calculate 9 + (1 - 5) - 5.
0
1 + (-11 - -6 - 4)
-8
What is the value of 14 - (-2 + (10 - 1) + -4)?
11
Evaluate -7 - (-2 - (-1 - -2)).
-4
Calculate 15 + (-23 + 10 - -3).
5
-6 + -2 - ((3 - -10) + -21)
0
What is the value of (2 - (2 + 2 + -2)) + -1?
-1
What is the value of (4 - ((4 - -6) + -3)) + 4?
1
What is the value of 0 - -3 - 0 - (-9 - -12)?
0
Evaluate -6 + -2 - (2 - 5).
-5
What is the value of -3 + -1 + (-8 - -10)?
-2
Calculate 2 + 1 + (-17 - -17) + 1.
4
What is (15 - 4) + 2 - 8?
5
Calculate 7 + (0 - (-6 - -8) - -1).
6
What is 48 + -44 + (-1 - -1) + -2?
2
What is the value of 6 + -6 + -7 - -5?
-2
What is the value of -4 + (-2 - (-7 - -3))?
-2
Calculate 7 + -2 + (0 - 3).
2
Evaluate (-2 - (0 - 1)) + 0.
-1
What is the value of 4 - (-5 - (-13 + 6))?
2
What is the value of 0 - (-4 - (-3 + 1 + 2))?
4
Evaluate 10 - (4 + 2) - 2.
2
What is the value of 0 - (3 - (10 - 3)) - -1?
5
Evaluate 3 - (-8 - (-9 + 0)).
2
Evaluate (-4 - 1) + 6 - -1.
2
What is -1 + (6 - (0 - -2))?
3
What is (4 - 10 - -5) + (-4 - -1)?
-4
What is the value of 1 + -3 + 6 + -2?
2
Calculate -1 - (4 + -6 + -1 + -3).
5
Calculate -3 + (-6 - -12) + -2.
1
Evaluate 0 + 1 + 2 + (6 - 11).
-2
Evaluate -5 + (-6 - -5) + (-2 - -3).
-5
Calculate (84 - 76) + -15 + 1.
-6
0 - 13 - (52 - 57) - -7
-1
Calculate 2 - 4 - 7 - -7.
-2
Calculate (5 - 5) + -3 - (-7 - 2).
6
Evaluate -1 - (-6 + 15 + (-3 - 2)).
-5
What is 2 - (4 + -1) - 2 - -4?
1
What is the value of -12 - -14 - (1 + 0)?
1
What is -6 + 3 + -2 - (-104 + 90)?
9
(-29 - -31) + (0 - (8 - 1))
-5
Calculate 1 - -1 - 2 - (-38 + 39).
-1
Evaluate -9 + -1 + 20 + 2 + -19.
-7
What is the value of -2 - (-5 - 0 - (4 + -5))?
2
Calculate (1 - -3) + -1 - (7 - 8).
4
Calculate (-3 - -1) + -3 + 4 + 3.
2
Evaluate 16 + -19 + 12 + 0.
9
What is the value of 3 + (2 + 0 - (-10 + 19))?
-4
Calculate 1 - (-3 + (-2 - -3)) - 2.
1
What is the value of 1 - (-12 - -16 - (-2 + 0))?
-5
What is 10 + -5 - -1 - 9?
-3
Calculate -3 + (1 - -9 - 6) + -1.
0
Calculate -11 + (3 - -8 - 4).
-4
What is the value of -24 - -16 - (-1 - 2)?
-5
What is 1 - (-3 + (1 - -4 - -1))?
-2
Calculate (5 - (1 - -3)) + 2 + -2.
1
What is the value of (1 - 2) + 5 + -5?
-1
-4 - (2 - 3 - 0) - 4
-7
What is the value of (-3 - -6 - 0) + -4 + -2?
-3
Calculate (-4 - 3) + 17 + -1.
9
1 - (-1 - 0 - (-6 + 5))
1
Calculate (3 - (1 + 5 + -3)) + -5.
-5
(-3 - (-6 + 1)) + 0 + 0
2
-2 - ((1 - (1 - 5)) + -3)
-4
What is 3 - (-1 - -1) - (-2 - -10)?
-5
What is the value of -9 + (0 - -20) + -11?
0
Evaluate (1 + -1 + 2 - -2) + -1.
3
(2 - 2 - 1) + (12 - 4)
7
Evaluate (4 - (-4 - -7)) + 4.
5
Calculate -1 - (0 - (1 - 0)) - -4.
4
What is (-3 - -2) + (-5 + -1 - -3)?
-4
Evaluate (-19 + 8 - -5) + (1 - -4).
-1
Evaluate (-3 - -1 - -3) + 4.
5
Calculate 4 + -3 - (-1 + -2).
4
What is -6 + 4 + 3 + -2 + 0?
-1
Evaluate -10 + 16 + -10 - 4.
-8
Evaluate 2 - (8 - (0 - -5)).
-1
Calculate (7 - 1) + (-23 - -19) + 7.
9
(-2 - (-3 - 4)) + 1 + -3
3
(-3 - (-10 - -6)) + 0
1
Evaluate 1 + 1 + (-6 - (-10 - -5)).
1
Calculate 3 + -4 + 6 + -5.
0
Calculate 5 - 1 - (17 + -11).
-2
Evaluate -5 - (6 + 9 + -17).
-3
What is the value of -7 + 2 - (12 - 11)?
-6
What is the value of -1 - -16 - (18 - 10)?
7
Evaluate (-5 - (-5 + 0 + 4)) + 5.
1
What is 4 - (2 - (9 + -6))?
5
Evaluate 8 + -7 + 2 + -3.
0
-2 - (0 + -4 + 5 + -6)
3
What is -11 - -23 - (1 + -2) - 8?
5
Evaluate (-4 - -12) + (-6 - (3 - 6)).
5
What is 8 - (4 + -3 + 0)?
7
Evaluate -2 + -5 + 3 + 8.
4
Evaluate 1 + -2 + 6 + -1 + -1.
3
What is 8 + -5 + 0 + 2?
5
What is the value of 6 + -11 + (-1 - -10)?
4
What is the value of -1 + -4 + (-1 - 0) + 3?
-3
Calculate 11 + (-8 - -7) + -11.
-1
What is the value of (4 - -7) + (-1 - (3 - 0))?
7
Calculate -10 + (15 - 2) + -7.
-4
What is the value of 1 - (-4 + 6) - (-2 - 3)?
4
Evaluate 14 - (2 - -4 - -4).
4
What is 1 + 4 - 6 - 0 - -6?
5
Calculate 4 + -10 + (8 - 3) + -2.
-3
What is -2 + (-1 - 1 - 1)?
-5
What is the value of 0 + -2 - -2 - (-1 - 2)?
3
-1 + (1 - (5 - 8))
3
Evaluate -3 + 1 + -1 - -4 - -3.
4
Calculate (-7 - (8 + -3 - 12)) + -6.
-6
Evaluate 4 - ((-6 - -3) + 4) - 4.
-1
What is 1 - ((-2 - (2 - 3)) + 0)?
2
What is (-23 - -8) + 16 + -6?
-5
What is (4 - -1) + 0 - (0 - -3)?
2
(-1 - -2) + (-78 - -77)
0
13 + -6 - (2 - 1)
6
Evaluate 5 - (13 - 16) - 3.
5
What is the value of 3 + (3 - (4 - -1))?
1
9 - (-1 - (-13 + 7))
4
Calculate (-4 - (-1 - 1)) + -3.
-5
What is the value of -5 - ((-7 - -2) + -2)?
2
What is the value of 5 - (1 + 2) - -4?
6
7 + -10 + 12 + -1
8
(0 - 0) + 2 + -191 + 191
2
Evaluate 2 + 1 + (-3 - 1) + -1.
-2
What is 5 + -4 + -5 + 9 + -4?
1
2 + (-3 - 0) + (-3 - -6)
2
Calculate 2 - ((5 - 1) + -3).
1
What is the value of -7 - 1 - (-6 + 2)?
-4
Evaluate 1 + (-2 - 0) + 3.
2
Calculate -18 + 14 - (-1 + -5).
2
Evaluate 9 - (-9 - (-18 + -3)).
-3
Calculate 8 + -1 + -5 + -2 + 0.
0
What is the value of 1 + (-2 - (-2 + 5))?
-4
What is 1 + -5 + 1 + 8?
5
Calculate -6 + 6 + -7 - -11.
4
What is 2 - 3 - (0 - (2 - 1))?
0
What is (2 - 8) + -1 + 47 + -43?
-3
Calculate 7 + -5 + (-2 - 1).
-1
What is the value of (3 - 4) + 0 + -2?
-3
What is the value of 0 - 0 - (-1 - 0) - 2?
-1
What is the value of 6 + -7 + -4 + 6 + 5?
6
What is -3 - (-5 + 3 + (-1 - -2))?
-2
-5 + (5 + 2 + -5 - -1)
-2
What is the value of -25 + 25 + (0 - 1)?
-1
What is the value of -5 + 5 + (3 - 4) + 5?
4
Evaluate 111 + -103 + 0 + -4.
4
What is 6 + (-13 - -13) - 14?
-8
What is the value of 2 + -12 - (-41 + 36)?
-5
What is the value of (-110 - -108) + 5 + 0?
3
-1 + (8 - 5) + -2 + 2
2
What is the value of -1 + (7 - -2) + -11?
-3
0 - (-5 - (-1 - 3))
1
What is 6 - ((1 - 6) + 8 - 2)?
5
(31 + -14 - (1 + 2)) + -6
8
Evaluate 0 + (3 - 14 - -5).
-6
Calculate 2 - 1 - (-1 + -2).
4
What is the value of 0 + 6 + (-10 - -7)?
3
Calculate 1 + 8 + -5 + -9.
-5
What is -4 + 7 + -7 + -3?
-7
Calculate 6 + -8 + -5 - -3 - -8.
4
(0 - (3 + -4)) + -10 + 3
-6
4 + (0 - (4 - 4))
4
Evaluate 2 + 8 + (-3 - 2) + -2.
3
What is 6 + -11 - -1 - -3?
-1
Calculate (-8 - (6 + -16)) + -3.
-1
What is the value of 4 + -10 + 2 + (-9 - -7)?
-6
Calculate (5 - 1) + 0 + (-3 - -4).
5
What is the value of -4 - (-14 + 4 + 5)?
1
Calculate -3 - (-2 - (-8 + 4)).
-5
Calculate -1 + 2 + 2 - -2.
5
What is the value of -3 - (1 + -5 + (33 - 25))?
-7
Calculate 1 + (-5 + 4 - -4).
4
Evaluate -2 - (4 - (-3 + (-2 - -15))).
4
What is the value of (-5 + 0 - (42 + -42)) + 1?
-4
What is -2 + 0 - (-11 + 6 - -6)?
-3
10 + (-5 - (2 - 4)) - 7
0
Evaluate 6 - -1 - (-21 - -29).
-1
What is the value of -3 - (-4 - 2) - 6 - -2?
-1
-34 + 15 - (-11 - -2)
-10
Evaluate -4 - -3 - (3 - (-4 - -5)).
-3
-4 + (4 - 9 - -6)
-3
What is 5 + (-12 + 6 - -3 - 4)?
-2
What is 7 - 3 - (-2 + 12)?
-6
Calculate -49 - -56 - (-2 - -7).
2
Calculate -3 - (-5 - (0 - 3)) - -2.
1
Evaluate -12 - (-1 - (21 - 9)).
1
What is (-2 - (5 + -3)) + 0?
-4
Evaluate 0 + 7 + (18 - 24).
1
What is the value of 1 - (1 + -4) - 1?
3
What is the value of (-17 - (-4 - 4)) + 7 - -4?
2
Evaluate -12 + 5 + -2 + 2.
-7
What is the value of 68 - 70 - (3 - -1)?
-6
What is -7 - ((-14 - -24) + -21)?
4
What is the value of 1 - (2 + 3 - 6 - -1)?
1
What is (1 - 1) + -6 - (-12 - 0)?
6
What is 0 - ((-1 - 7) + 2)?
6
Evaluate 12 + -1 + (15 - 16).
10
Calculate (-2 - -10) + -7 + 6.
7
-4 + (-4 - -16) + -3 + -2
3
What is 1 - (-4 + 3 + 1)?
1
Evaluate 5 + (-1 - (0 + 3 + 2)).
-1
Evaluate (-17 - (-27 - -17)) + 2 + 16.
11
-10 - (11 + (-20 - -8))
-9
Evaluate 0 + -3 + 8 + 1 + -8.
-2
Evaluate 2 + (0 - (-1 - (-2 - -4))).
5
Calculate 4 - (7 - (-3 + (-5 - -9))).
-2
Evaluate (-2 + 5 + -6 - -4) + 0.
1
(-3 - (1 + -6)) + -2 - -6
6
1 + -3 + 1 - 0 - 3
-4
Evaluate 4 + 6 + (0 - 6).
4
5 + -7 + 4 + -3
-1
What is the value of (-5 - (4 + -6)) + 0?
-3
What is the value of -5 + 9 + -3 - -5?
6
-1 - (3 - (3 - 10))
-11
(6 - -7) + (-6 - 0 - 0)
7
Evaluate -6 + (12 + -3 - 1).
2
Evaluate -2 + -2 - (-2 - 6).
4
Evaluate -4 - (-17 - -9 - -5).
-1
Evaluate (3 - (4 - -2)) + (8 - 0).
5
What is the value of 2 - -1 - (-4 + 4 + -2)?
5
Calculate -3 + (2 - 2 - 0 - 2).
-5
Calculate -2 - 3 - (1 + 